w**3 - 49*w**2 + 2*w - 100. Determine c(49).
-2
Let b(m) = 2*m - 3. Calculate b(2).
1
Let q(h) = h**2 + 8*h + 3. What is q(-6)?
-9
Let u(o) = -2*o**3 + 2*o**2 - 2. Give u(-2).
22
Let b(u) = -u**3 + 7*u**2 - 4*u - 7. Determine b(6).
5
Let d(b) = 28*b + 171. Calculate d(-8).
-53
Let w(b) = -b - 8. What is w(-5)?
-3
Let d(x) = 52*x - 20. Determine d(-2).
-124
Let k(j) = 8*j**2 + 102*j - 32. What is k(-13)?
-6
Let x(y) = -2*y + 5. Determine x(-9).
23
Let h(s) = 2*s**2 - 42*s + 27. What is h(20)?
-13
Let s(p) = -2*p**3 + 9*p**2 - 11*p - 2. Determine s(2).
-4
Let v(g) = g + 11. Calculate v(-11).
0
Let z(f) = -4*f - 4. What is z(-2)?
4
Let n(k) = -k**2 - 13*k - 16. What is n(-11)?
6
Let m(j) = 2*j**2 - 24*j + 40. What is m(10)?
0
Let y(p) = 8*p**3 + p**2 + 3*p + 4. What is y(-1)?
-6
Let t(z) = -z**2 + 18*z - 45. Calculate t(16).
-13
Let v(r) = 3*r + 9. Calculate v(-5).
-6
Let q(m) = -m - 30. Calculate q(-11).
-19
Let h(g) = -g**2 - 13*g - 36. Determine h(-5).
4
Let i(f) = -f**3 + 11*f**2 + 15*f - 9. What is i(12)?
27
Let h(g) = -3*g + 75. What is h(21)?
12
Let n(q) = q**2 - 23*q + 36. Give n(21).
-6
Let t(f) = -f**3 + 5*f**2 - 7. Determine t(5).
-7
Let o(k) = -102*k**3 - 2*k**2 - 3*k - 2. Give o(-1).
101
Let g(k) = -k**3 - 17*k**2 - 6*k - 86. Determine g(-17).
16
Let s(w) = -2*w - 35. What is s(-8)?
-19
Let c(y) = -13*y - 27. Determine c(-2).
-1
Let h(r) = r**3 + 5*r**2 - 17*r + 1. What is h(-7)?
22
Let v(d) = -2*d**3 + 4*d**2 + 2. Determine v(3).
-16
Let r(d) = -d**2 + 12*d + 104. What is r(18)?
-4
Let a(b) = b**2 + 2*b - 96. Calculate a(0).
-96
Let j(q) = -3*q**2 - 6*q - 7. Calculate j(-3).
-16
Let i(g) = -3*g + 28. What is i(11)?
-5
Let b(f) = -f**3 - 31*f**2 - 8*f - 246. Give b(-31).
2
Let d(p) = 2*p + 7. What is d(7)?
21
Let d(u) = -u**3 + 18*u**2 + 19*u - 6. Calculate d(19).
-6
Let s(v) = v + 54. What is s(-15)?
39
Let x(v) = -v - 12. What is x(11)?
-23
Let j(x) = x**2 - 7. Give j(6).
29
Let p(n) = n**2 - 105*n - 4. What is p(0)?
-4
Let v(j) = 3*j - 6. Give v(3).
3
Let b(o) = o**3 + 24*o**2 + 43*o - 33. Give b(-22).
-11
Let g(h) = h**3 - 2*h**2 + 6*h - 60. What is g(0)?
-60
Let u(a) = 3*a**3 - 55*a**2 + 18*a + 1. Calculate u(18).
1
Let z(g) = g**3 - 11*g**2 - 4*g + 36. Calculate z(11).
-8
Let k(d) = d**3 + 14*d**2 + 39*d - 25. Determine k(-10).
-15
Let q(w) = -w**2 - 2*w + 17. What is q(0)?
17
Let u(x) = x**2 - 12*x + 16. What is u(11)?
5
Let r(h) = h**3 + 8*h**2 - 11*h + 1. Give r(-9).
19
Let b(l) = l**3 + 7*l**2 + l - 1. Determine b(-7).
-8
Let j(u) = -31*u**2 + u. What is j(-1)?
-32
Let o(z) = -z**2 - 8*z - 4. What is o(-5)?
11
Let v(u) = -2*u - 2. Give v(-8).
14
Let r(x) = x**2 - 18*x - 14. Calculate r(14).
-70
Let g(z) = -z**3 - 14*z**2 + 32*z. Give g(-16).
0
Let a(n) = -n**2 + 4*n. Calculate a(3).
3
Let y(s) = s**2 - 6. What is y(-4)?
10
Let u(a) = -a**3 + 7*a**2 + 4*a + 14. Determine u(8).
-18
Let b(x) = -x**3 + 12*x**2 - x + 21. Determine b(12).
9
Let t(w) = -7*w**3 + 2*w + 1. Give t(-1).
6
Let l(v) = -v**3 + 8*v**2 - 3*v + 7. Give l(6).
61
Let r(l) = l**2 + 3*l - 10. What is r(-7)?
18
Let k(s) = 5*s**2 - 38*s - 26. Determine k(8).
-10
Let k(w) = 5*w**2 + 55*w + 5. Determine k(-10).
-45
Let w(o) = -2*o**3 + 4*o**2 - 4*o + 4. Give w(3).
-26
Let w(d) = d**3 + 13*d**2 - 30*d - 6. Determine w(-15).
-6
Let u(l) = -l**2 + 10*l + 3. Give u(11).
-8
Let v(m) = -m**3 + m**2 - m + 15. Give v(0).
15
Let l(y) = -2*y**2 + 16*y - 2. What is l(7)?
12
Let v(j) = 7*j**2 - 4*j - 7. Give v(-2).
29
Let x(n) = -n**2 - 15*n + 8. Calculate x(-13).
34
Let v(n) = n**2 + 13*n + 32. What is v(-4)?
-4
Let s(q) = q**3 - 4*q**2 - 7*q + 2. Determine s(5).
-8
Let g(j) = j + 27. Calculate g(0).
27
Let t(b) = -b**3 - 6*b**2 + 4*b - 12. Give t(-7).
9
Let h(r) = r**2 + 12*r - 24. Calculate h(-13).
-11
Let m(l) = l + 10. Give m(-7).
3
Let q(h) = 341*h - 3068. Give q(9).
1
Let q(v) = v**2 + v - 4. Determine q(0).
-4
Let r(d) = -d**2 - 26*d + 26. What is r(-26)?
26
Let p(q) = -q**2 + 28*q - 140. Determine p(7).
7
Let t(l) = -3*l**2 + 18*l - 8. Determine t(7).
-29
Let n(d) = -4*d - 12. Calculate n(4).
-28
Let d(i) = 15*i + 4. Determine d(-4).
-56
Let m(v) = -v**2 - 2*v - 3. What is m(6)?
-51
Let o(v) = 7*v**3 - v**2 + 5*v + 5. What is o(-2)?
-65
Let f(z) = z**2 + 7*z + 7. Determine f(-3).
-5
Let j(l) = -l**3 - 13*l**2 + l - 17. Calculate j(-13).
-30
Let j(b) = -7*b**2 - 17*b. Determine j(-2).
6
Let s(q) = -16*q**3 - 2*q**2 - q. Give s(-1).
15
Let l(u) = -3*u**3 - 6*u**2 + 2*u - 1. What is l(0)?
-1
Let r(z) = 3*z + 6. What is r(-6)?
-12
Let r(j) = -j + 7. Calculate r(5).
2
Let g(b) = 13*b + 88. Determine g(-8).
-16
Let x(k) = 2*k**2 + 25*k - 7. Calculate x(-13).
6
Let l(w) = 2*w**2 + 5*w - 4. Calculate l(-3).
-1
Let m(d) = d**3 - 5*d**2 - 5*d + 2. Calculate m(6).
8
Let i(v) = -v**2 + 20*v + 18. Give i(21).
-3
Let y(c) = -c**3 - 4*c**2 + 3*c + 3. What is y(-5)?
13
Let l(v) = -6*v + 3. Calculate l(-7).
45
Let w(v) = v**3 - 7*v**2 - 3*v + 23. Give w(7).
2
Let s(b) = 14*b - 1. What is s(4)?
55
Let p(d) = -2*d**2 - 6*d. What is p(-5)?
-20
Let u(x) = -x**2 - 15*x + 11. Give u(-15).
11
Let x(d) = 138*d**2 - d - 2. Calculate x(-1).
137
Let v(k) = 38*k. Calculate v(1).
38
Let z(i) = -i**2 - 124*i - 588. Calculate z(-5).
7
Let g(b) = b**3 + 9*b**2 - 11*b + 18. What is g(-11)?
-103
Let h(v) = -v**3 - 4*v**2 + 17*v + 31. Calculate h(-6).
1
Let l(a) = -34*a + 197. Calculate l(6).
-7
Let u(r) = r**2 + 50*r + 3. Determine u(-50).
3
Let f(i) = -8*i + 20. Determine f(-12).
116
Let j(m) = -m**3 + 12*m**2 - 20*m + 11. Determine j(10).
11
Let b(t) = t**2 - 14*t + 21. Calculate b(13).
8
Let k(a) = a**3 - 4*a**2 - 9*a + 17. Calculate k(5).
-3
Let i(y) = -y**3 - 12*y**2 - 14*y - 6. Determine i(-11).
27
Let x(b) = -b + 40. What is x(0)?
40
Let s(z) = -10*z**2 + 39*z - 5. What is s(4)?
-9
Let l(z) = z**2 - 14*z + 26. Give l(12).
2
Let c(o) = 12*o - 57. Calculate c(5).
3
Let s(l) = -47*l. Determine s(1).
-47
Let g(p) = -10*p - 41. What is g(-4)?
-1
Let a(j) = 6*j + 24. Give a(-7).
-18
Let r(v) = -v**3 - 8*v**2 + 9. Give r(-7).
-40
Let a(r) = r**2 + 8*r - 10. Determine a(-9).
-1
Let r(s) = s**3 + s**2 - 3*s + 3. Give r(2).
9
Let a(b) = -4*b + 46. Determine a(0).
46
Let h(v) = -4*v - 6. Calculate h(0).
-6
Let r(k) = -2*k**2 - 4*k + 51. Determine r(7).
-75
Let r(i) = -i**3 + 6*i**2 + 2*i - 4. Determine r(5).
31
Let c(r) = -2*r**2 + 14*r - 4. Give c(3).
20
Let c(n) = n**3 + 7*n**2 + 6*n + 2. What is c(-4)?
26
Let l(q) = q**2 + 14*q - 9. What is l(-15)?
6
Let w(a) = -a**2 + 27*a - 91. What is w(22)?
19
Let n(i) = 35*i + 774. Give n(-22).
4
Let m(i) = -3*i - 24. Give m(-7).
-3
Let w(s) = -10*s + 5. Calculate w(-1).
15
Let o(h) = 3*h**2 - 2*h + 14. What is o(4)?
54
Let a(y) = y**2 - 19*y - 79. Calculate a(23).
13
Let d(y) = y**3 - 6*y**2 + 15*y - 27. What is d(4)?
1
Let o(z) = 12*z + 18. Determine o(-4).
-30
Let z(q) = 3*q**2 + 3*q + 8. Determine z(-4).
44
Let u(i) = -i**3 - 9*i**2 + i + 5. What is u(-9)?
-4
Let x(i) = -i**3 + 23*i**2 - 28*i + 49. Give x(22).
-83
Let n(v) = 9*v + 2. What is n(-3)?
-25
Let x(r) = -r**2 - 3. Determine x(-4).
-19
Let h(p) = p**2 + 13*p - 3. What is h(-11)?
-25
Let d(b) = -2*b**2 - 9*b - 13. Determine d(-4).
-9
Let u(t) = -4*t + 19. Determine u(6).
-5
Let g(l) = l**3 - 12*l**2 + 20*l - 18. Give g(10).
-18
Let h(f) = 7*f**2 + 2*f - 4. What is h(2)?
28
Let k(h) = -3*h**3 + 20*h**2 + 10*h - 17. Calculate k(7).
4
Let a(t) = -8*t + 23. Determine a(4).
-9
Let s(w) = -w - 6. What is s(-3)?
-3
Let u(g) = -g**2 - 10*g - 9. What is u(-7)?
12
Let t(o) = 3*o - 3. Give t(-5).
-18
Let f(j) = j**3 + j - 2. Give f(2).
8
Let m(p) = 21*p - 122. Calculate m(6).
4
Let h(w) = -5*w + 17. What is h(4)?
-3
Let y(t) = -t**2 + 22*t + 160. Calculate y(28).
-8
Let r(a) = 2*a**2 - 8*a - 2. Give r(4).
-2
Let t(b) = 20*b**2 - 181*b + 6. What is t(9)?
-3
Let g(x) = -2*x**3 - 12*x**2 - 9*x + 9. Calculate g(-5).
4
Let b(w) = 22*w + 5. Determine b(0).
5
Let s(y) = y + 6. What is s(-4)?
2
Let i(g) = g + 7. What is i(-6)?
1
Let k(w) = 4*w + 77. Give k(-21).
-7
Let q(g) = 2*g. What is q(5)?
10
Let d(n) = n**3 + 10*n**2 + 2*n - 11. Determine d(-10).
-31
Let w(b) = -5*b**2 + 4*b + 3. Determine w(-1).
-6
Let d(o) = 4*o - 53. What is d(14)?
3
Let d(m) = 2*m**2 - 32*m - 4. Calculate d(17).
30
Let h(x) = 4*x**2 + x - 1